+ (23 - (-28 - -14 - -13))?
-41
What is the value of -19 + (-1973 + 1900 - ((0 - 1) + 0))?
-91
Evaluate (2 - -160 - -1) + -100.
63
Evaluate -105 + 1 - (-572 + 487).
-19
Calculate -55 - (-11 + 48 + -20 + -8 + 4).
-68
What is the value of -47 - (-18 + -52 + 46)?
-23
What is the value of -40 - -42 - (7 + -5) - (48 + 3 + -3)?
-48
What is -7 - (11 + -6 - (-60 - -68) - 108)?
104
What is the value of 12 + -8 + -19 + 21 + 2?
8
Evaluate -3 + (19 - 10) + 2 + 29 + -36.
1
Evaluate -228 - -233 - (-5 + 2 + 20) - -76.
64
Evaluate -28 - (-6 + 8) - (26 + -18 + -3).
-35
25 + -61 + 49 - 62
-49
What is 1 + 4 - (3 - -2 - 3 - (-2 - -6))?
7
-107 + 116 + ((7 - 6) + 1 - (87 - -8))
-84
What is the value of (-4 - 35) + (104 - 123)?
-58
Evaluate 2 - (4 - (3 + (-45 - 9) + 10)) - 11.
-54
What is the value of -6 + 13 + -19 + (4 - -3)?
-5
Calculate (1 - (-7 + 6 + -21 + 1)) + (-3074 - -3061).
9
Evaluate 3 + -2 + 2 - -63 - (72 - 57).
51
(15 - 7) + -7 + 61 + -62
0
What is 6 + (-6 - -8) + (367 - 285)?
90
-6 + (-653 - -661 - (-1 + 16 + -2 + -2))
-9
What is 155 - ((-2053 - -2082) + (17 - 1))?
110
What is -91 + 55 + 49 - 38?
-25
(4 - -37) + -2 + (610 - 545)
104
What is -30 + 43 - ((10 - -1) + -41 + -8)?
51
Calculate (81 + 32 + -112 - ((-153 - 1) + -2)) + -12.
145
What is -23 + -26 - -55 - (-5 - 22)?
33
What is the value of 91 - ((-75 - -71) + -13 - (-19 - 1))?
88
What is -11 + 62 + -6 + -9 + 8 + -8 + -1?
35
What is 23 + -16 + 9 + 7 + -4?
19
Calculate -78 + 88 + (-32 - 34).
-56
Calculate -5 + 0 - (4 - -92 - 87).
-14
Evaluate -1 - ((100 - 71) + 24).
-54
(157 + -120 - 51) + 114
100
Evaluate -42 - (-3 - -4) - (11 - (36 + -29)).
-47
What is 19 + 19 + (-18 + 1 - 2)?
19
What is the value of 32 - (7 - (55 - 80))?
0
Evaluate -88 + -19 + 40 - -52.
-15
-25 + (7 - 38) + 49 + 1 + (2 - 67)
-71
What is the value of 94 - (7 - -18 - -141)?
-72
What is -31 + (2 - (-120 + (70 - 39)))?
60
What is 30 + -35 + (-37 - -26) + -1 + -6?
-23
Evaluate (4 - (-5 + 7) - -10) + (4 - (-2 + -50)).
68
What is the value of 1 + 0 + 14 + 0 + (512 - 503)?
24
Evaluate 3 + (-5 - 1) - (-4 + 2) - -61.
60
What is (16 - 20) + 15 + (-5 - 0 - -8) - -77?
91
What is 60 + -1 + 5 + (-66 - -122 - 55)?
65
Calculate 7 + 2 + 0 + (-27 - -69 - -20).
71
What is (85 - 36) + -99 - -42?
-8
53 + -49 + (22 - 47)
-21
Evaluate -87 + 0 + 2 + 189 + -159.
-55
What is -5 + (56 - 111) - (1 + 4)?
-65
1576 + -1628 - (0 + -1 - -2 - (-1 + 11))
-43
What is 14 - (12 - (-21 - (-19 + 4)))?
-4
Calculate -120 + 108 + -120 + 70.
-62
What is -63 + 53 + (79 - 54)?
15
Evaluate (-2 - 15) + (28 - (16 + 0) - 26).
-31
Evaluate -28 + 8 - (-17 - (-30 - (-13 - 1))).
-19
What is 115 - (10 + -6) - (331 + -293)?
73
33 - (5 - (33 - (-11 - (2 - 21))))
53
Calculate (20 - 6) + -12 + -5 + 12 - 53.
-44
Calculate -49 + 150 + -67 + -34.
0
What is (-18 - (-34 - -76)) + (1 - -22)?
-37
Evaluate (-14 + (108 - 79) - (-3 + -2)) + -24.
-4
What is 178 + 11 + (346 - 440)?
95
(2 - 10) + -4 + 10 + (2 - 0)
0
What is 36 + -6 + 10 + -33 - (-5 - 1)?
13
Evaluate 35 + -15 + (-37 - -42).
25
What is the value of (-4 - 42 - -23) + (8 - -53)?
38
Evaluate 11 + 58 - (-40 - (-27 + -38)).
44
What is the value of -17 - (9 - (20 - 14) - -20)?
-40
(-28 - (1 + 1)) + -1 + (32 + 7 - 39)
-31
Calculate (-3 - -3) + (-1 - -1) + (-8 - (26 - 29)).
-5
What is -683 + 551 + (-5 + -1 - 2)?
-140
Evaluate -4 + -59 - -46 - -34.
17
13 + -13 + 2 + -30 + 49 + 7
28
What is (5 - -91) + 0 + -944 + 954?
106
What is (-42 - -1) + (-50 - -115)?
24
Calculate -1 - (-9 + (-6 + (14 - (12 - 4)) - -57)).
-49
What is the value of -1181 + 1249 + -7 + (0 - 0) - (8 + -5)?
58
Evaluate 9 + 47 - (17 - (7 + -8)).
38
Evaluate -47 - (-1 - -3 - 61).
12
Calculate -57 + 0 + 2 + (-117 - -116).
-56
Evaluate -7 - (-3 - -1 - (6 + 25 + -31)) - 30.
-35
What is the value of 0 - 4 - 77 - (108 - 106)?
-83
What is the value of -11 + (34 - 15 - (1 - -23)) + -20?
-36
Calculate 129 + -5 - -2 - (-970 - -1008).
88
Calculate 24 - 1 - (379 - 383) - -27.
54
What is 26 + -93 - -55 - (-10 - -11 - (-12 + 1))?
-24
(-16 - -3) + (-888 - -957)
56
(12 - -10 - 14) + 21 + -47
-18
What is the value of 118 + -7 + -105 + (-153 - ((0 - 4) + 8))?
-151
Calculate 140 + -82 - 48 - (0 + -8).
18
What is the value of (-48 - -51) + (0 - 3) + 17?
17
What is the value of (-10 - ((2 - 6) + 5 + -10)) + 9 - -2?
10
Calculate (-14 + (50 - 8) - -8) + (1 - 7 - -7).
37
-8 + -9 + 6 + (6 - -8 - 32)
-29
-2 + 2 + 0 + (-641 - -640) + 12
11
What is the value of 10 + -14 + (10 - 0) + 9 + -12?
3
Evaluate -9 + 65 + -888 + 840.
8
(63 - 48) + (9 - -20)
44
What is the value of 27 + -3 + 38 + -40 + 38?
60
What is the value of (-1 - (14 - -6)) + -71 - (1 + -6)?
-87
What is the value of 7 - ((3 - 2) + 20 + 42 + -54)?
-2
Evaluate -36 - (0 + 12) - (92 + -115).
-25
Calculate -2 + -12 - (11 - ((-58 - 33) + (-1 - 4))).
-121
Evaluate -19 + (0 + 13 - (12 - 9)) - (0 - -44).
-53
What is 69 - ((1 - 3) + (-7 - (-17 + 2 - 3)))?
60
What is the value of (25 - -45 - 67) + (0 - -2 - 30)?
-25
What is the value of 33 + (41 - 54) - (3 + 58)?
-41
Evaluate -1 + 47 + -30 + 10 + 5.
31
What is the value of (13 - (43 - 20)) + (3 - (10 + -7 - -4))?
-14
-62 + 1 - (-16 + 1)
-46
(-1 - 7) + (8 - (14 + -17)) + (-62 - -28)
-31
What is (58 - (43 + -18)) + (-15 + 0 - -2)?
20
-56 + 66 + -43 + 5 + 4
-24
Evaluate 83 - ((-7 - -26) + 37).
27
What is the value of (19 + -117 - -85) + 31?
18
Evaluate -7 - (-1 + -4 - (-26 + (-4 + 4 - -37))).
9
Evaluate (-4 - -5) + 3 + 9 + (17 + 10 - 21).
19
What is -5 + -29 + 1144 + -1160?
-50
Evaluate -2 + (-6 - -3 - -3) + (34 - (8 - -22)).
2
-3108 + 3206 - (38 + -5)
65
What is -30 + 21 + 18 + -2 + -13?
-6
Evaluate -1 - (-10 + 27 + -10) - (3 - (-2 - -11)).
-2
Evaluate (-37 - 1) + -250 + 116 + 95.
-77
What is the value of -92 + (-30 + -19 + 23 + 15 - 8)?
-111
What is 22 - (31 + -4) - (65 - 16)?
-54
(31 - 0 - (11 + -1 + (-123 - -103))) + 1
42
Evaluate 32 + -59 + 81 - -36.
90
What is (89 - (3 - (-2 + 6))) + -156 + 142?
76
What is the value of -3 + -8 + -3 - (18 + 8 + -44)?
4
Evaluate 66 + -15 - (-27 - -80).
-2
What is the value of 1 + -9 - (-7 + 2 + 76 + -119)?
40
What is the value of -133 - (-75 + 62 + -32)?
-88
What is the value of 32 + (29 - (102 - 51))?
10
Evaluate -1 - -8 - (12 + -3 + (55 - 115) + 27).
31
What is the value of 12 + 4 + 36 + -10 + 16 + -5 + -7?
46
What is 26 + (-22 - 12) + (4 - (-2 - 0))?
-2
What is -76 - -98 - (10 + 1)?
11
10 + -15 + 11 + 16 + -16
6
Evaluate 49 + (-32 - -8) + 18.
43
Calculate ((1 - 3) + -2 - (-152 - -145)) + 37.
40
What is the value of 21 + -9 + (3 + 2 - 13) + -10 - 38?
-44
Calculate -71 + (-14 - (-10 + -27 + 18 + -2)).
-64
Calculate -7 + (-3 - -11) + 5 + (-51 - 6).
-51
Evaluate -7 - (8 + 3) - -8 - -35.
25
Evaluate 4 + 26 - (-165 + 179).
16
Evaluate 10 + 35 + -81 + -9.
-45
What is the value of 22 + 9 - (112 + -111 + (-3 - -17))?
16
33 - 51 - 1 - (18 - 12)
-25
Evaluate 8 + (0 - 28) + -159 + 174.
-5
Evaluate 71 - (78 + -63 + 11).
45
What is the value of -2 + -1 + -5 + 10 + 42?
44
What is the value of 0 + 13 - (-7 - (27 - (53 - 34)))?
28
Evaluate (-15 - 6) + (43 - -11) - (-2 - -17).
18
What is 0 - (42 - (69 + -1))?
26
Calculate 97 + -54 - 77 - -17.
-17
Evaluate -89 + -5 - -107 - (2 - -63).
-52
What is the value of -31 + 121 - (273 + -168) - (1 - (0 - 1))?
-17
Calculate -88 + 95 - -12 - (62 + -1).
-42
What is the value of -62 + 2 - (736 - 738)?
-58
9 + (288 + -273 - (-2 + -12 + 2))
36
Evaluate 18 + 21 + 14 + (-14 - 8).
31
1 + (-3 - -49) + -75 + (-103 - -162)
31
What is the value of (0 + 0 - 8) + (236 - 274)?
-46
What is the value of 14 - (-4 - ((32 - 2) + (5 - 2)))?
51
Calculate -1 + -5 - (103 - (34 + 53)).
-22
Evaluate 18 + (-5 - -14 - 24) + -1 + 35.
37
What is the value of -75 + (10 - 10 - -73)?
-2
Evaluate 15 - (-24 + 23) - (7 - 4 - -6).
7
What is 5 + (-3 - -11) + (543 - 515)?
41
-1 + 1 + -10 - (-8361 + 8373)
-22
Calculate (125 - 104) + (0 - 14) + 10 - -19.
36
What is 76 - (-30 + (-25 - -121))?
10
What is 15 + 4 + -3 + -3 - (296 + -194)?
-89
Calculate -28 + 2 + (112 - 5) + 23.
104
What is (2 - (88 - 7)) + -2 - (-15 + -3)?
-63
Evaluate -15 - (-23 + 0 + 2 + 9) - 32.
-35
(-18 - (39 + -25) - -8) + 71
47
Calculate (-10 - (1 + (-19 - -3) + 12)) + (-80 - 2).
-89
Calculate -1 + 11 - (72 - 17) - -2.
-43
8 - 32 - (-58 + 3 + 2)
29
What is the value of -6 + 3 + (5 - (-11 - (-50 - 2)))?
-39
Calculate